98. What is the tens digit of h(39)?
6
Suppose -1793990 = 2*m + 8*m - 65*m. What is the thousands digit of m?
2
Let c(r) = -4*r**2 - r + 17. Let d be c(8). Let p = 125 + d. Let i = 214 + p. What is the units digit of i?
2
Suppose -10 = -2*l, 25*z - 3*l - 334 = 24*z. What is the units digit of z?
9
Let l = -70 + 77. Suppose l*w = 3*w + 1236. Suppose v + 2*v = w. What is the hundreds digit of v?
1
Let a(o) = -o**3 - 24*o**2 - 17*o + 48. Let u be a(-16). Let g = u - -2750. What is the units digit of g?
2
Suppose -4*n = -x - 94, 4*x - 74 = -3*n + 3*x. Let r = 32 - n. What is the units digit of (-2 - 34/(-5))/(r/180)?
8
Let m(i) = 4*i - 6. Let t(a) = 2*a**2 + 4*a - 7. Let c(u) = -2*m(u) + 3*t(u). What is the units digit of c(6)?
1
Suppose -140507 = -167*a + 18*a. What is the hundreds digit of a?
9
Let d(o) be the second derivative of -o**4/12 - 11*o**3/2 + 128*o**2 - 184*o. What is the tens digit of d(-30)?
4
Suppose -23*j + 42 = -73. Suppose -3*q + 294 = 3*h, -q = 2*q + 5*h - 294. Suppose j*a - q = 412. What is the tens digit of a?
0
Let s = 37116 - 25873. What is the tens digit of s?
4
Suppose 4*c + 4*w = 140, -13*c = -9*c + 2*w - 142. Suppose 29*b + 1085 = c*b. What is the tens digit of b?
5
Suppose 0 = z - 0*z + 5. Let h = -1 - z. What is the tens digit of 1265/75 + h/30?
1
Suppose 3*r + 4*f + 32 = 7*r, 0 = r - 4*f - 23. Suppose 4*h = -r*u + 4381, -5*h + 12*u + 5500 = 11*u. What is the hundreds digit of h?
0
Let r(y) = -y**3 - 13*y**2 - 12*y + 12. Let z be r(-12). Let x be (-4)/z*3 - 17. Let b = x + 53. What is the units digit of b?
5
Let w(u) = 7*u**2 - 2*u + 187. What is the units digit of w(48)?
9
Let z(p) = p**3 - 2*p + 1. Let w be z(1). Suppose -5*k - 996 = 5*h - 111, w = -h + 1. Let r = 335 + k. What is the tens digit of r?
5
Suppose 2 = -f + 4. Suppose 3*q - 1 + f = -5*m, -3*q + 13 = -2*m. What is the units digit of ((-72)/16)/q*(-356)/3?
8
Suppose 3*x - 222298 + 5960 = 2*i, 0 = 5*x + 2*i - 360606. What is the hundreds digit of x?
1
Let g be (6/4)/1*230/15. Suppose g*p = 7*p + 6576. What is the hundreds digit of p?
4
Let m be 4/10 - 35626/(-235). Suppose -5*d - 137 = 58. Let g = m + d. What is the hundreds digit of g?
1
Let n(m) = -895*m - 104. What is the units digit of n(-6)?
6
Suppose -g - 4*y + 4489 + 973 = 0, 3*g - y = 16451. What is the tens digit of g?
8
Let d be ((10 - 7) + 212)*59. Suppose 0 = 10*f - d + 4845. What is the hundreds digit of f?
7
Suppose 4554 = 2*u + 2*m, -5*u + 2619*m + 11449 = 2616*m. What is the units digit of u?
5
Suppose 0 = 2*h - 5*i - 5 - 1, -3*h - 2*i + 28 = 0. Suppose 2894 = h*n - 3746. What is the units digit of n?
0
Suppose -5*o = -5*u - 17920, 42*u - 43*u = -4*o + 14333. What is the hundreds digit of o?
5
Suppose 0 = 5*y + 45*v - 50*v + 2130, v = -4*y - 1714. Let j = y + 560. What is the units digit of j?
2
Let a(k) = 5*k - 42. Let y be a(9). Suppose 5*j + 9*w = 10*w + 3468, -3*j - y*w + 2088 = 0. What is the units digit of j?
4
Let p be (-1)/4 - 410/(-8). Suppose -14 = -5*f + p. Suppose -f = 4*i + 2*m - 45, 3*m = -5*i + 40. What is the units digit of i?
8
Let a = -196822 + 285645. What is the hundreds digit of a?
8
Suppose -543 - 732 = 51*c. Let f(i) = 2*i**2 + 18*i - 18. What is the hundreds digit of f(c)?
7
Suppose -15807 = -161*t + 158*t. What is the tens digit of t?
6
Let k be (20/12)/(3/(-27)). Let p be ((-24)/60)/((-1)/k). What is the units digit of (-9)/p*(-304)/(-6)?
6
Suppose 0 = 11*h - 7*h - 5*h + l + 60308, -5*l = 0. What is the thousands digit of h?
0
Let g be ((-216)/(-45))/((-2)/(-25) + 0). Suppose 6*o - 16*o + g = 0. Suppose -o*x = -2*x - 632. What is the tens digit of x?
5
Suppose -37*m = -16*m - 16*m, -5*f + 343245 = -3*m. What is the hundreds digit of f?
6
Let k be 2 + -3*(-8)/12 + 1. Suppose 0 = 4*t + k*h - 3653, -3*t + h = -3*h - 2763. What is the tens digit of t?
1
Let c(v) = -v**2 - 26*v - 105. Let a be c(-5). Suppose -72*p + 71*p + 205 = a. What is the hundreds digit of p?
2
Suppose -l + a + 5 = -3, -5*l + 4*a + 42 = 0. Suppose l*z + 7*z - 5695 = 0. What is the units digit of z?
5
Let o be ((-4)/(-10))/((-2)/(-10)). Suppose -10*f = o*f - 1140. Suppose q - 4*y - f = 0, -7*y - 98 = -q - 2*y. What is the tens digit of q?
8
Let w(h) = 2*h**3 + h**2 + 11*h + 2. Let v be w(5). Let i = 241 + v. Let q = i - 359. What is the hundreds digit of q?
2
Suppose -q - 4*o + 1053 = 0, 0 = -4*q + 3*o - 5*o + 4240. What is the tens digit of q?
6
Let u = 12053 + -6809. What is the hundreds digit of u?
2
Suppose -6 = y, 10*y = -h + 13*y + 26699. What is the thousands digit of h?
6
Let k be 7 - (-6)/(-9)*30/4. Suppose 469 - 139 = k*b. What is the hundreds digit of b?
1
Suppose 0 = -18*y + 93 - 39. Suppose -y*p + 1695 = -3*a, 0 = -4*p + 9*p - 3*a - 2815. What is the tens digit of p?
6
What is the units digit of (-1261)/(-3) + 153/27 + -5?
1
Let i(b) = 3301*b - 692. What is the units digit of i(5)?
3
Suppose 62*q - 369675 = 304141. What is the hundreds digit of q?
8
What is the tens digit of (-7)/(14/6) - (-33 + -15397)?
2
Let w = 4228 + 167. What is the hundreds digit of w?
3
Let g(r) = -r**3 + 26*r**2 - 24*r + 2. Let o be g(25). Suppose -2*d = 4*w - 2768, o*w - 29*w - 5*d = -1376. What is the hundreds digit of w?
6
Suppose 0 = 5*j - 25 + 10. Let f = -2 + 2. Suppose f + j = s. What is the units digit of s?
3
Let t(k) = 206*k**2 + 31*k + 64. What is the thousands digit of t(-3)?
1
Suppose -4*z - 260 = -268. Suppose -4*u - z*o = -368 - 44, 3*u = -o + 311. What is the tens digit of u?
0
Let g(n) = n**3 - 56*n**2 + 411*n - 16. What is the tens digit of g(56)?
0
Suppose -a + 9 = 3*m, 2*m - a = -0*m + 11. Suppose -295 = -y - 4*o, -6*o + 1236 = m*y - 4*o. What is the hundreds digit of y?
3
Let s(a) = 380*a**2 - 4*a - 104. What is the ten thousands digit of s(-7)?
1
Let v(p) = -14*p**2 - 8*p - 16. Let m be v(-2). What is the hundreds digit of 0 - (-910)/8*m/(-14)?
4
Suppose -4*y = -32, 3*v - 6*v = 2*y - 55366. What is the tens digit of v?
5
What is the thousands digit of 13056 - 8 - -10 - (-6 + (-4)/(-2))?
3
Suppose -8 = -7*g + 20. Suppose 2*d = -4, 6*d = -g*w + d + 1246. Suppose 0 = 5*n - w + 129. What is the units digit of n?
7
Let z(l) = 375*l**2 + 1. Let y be z(1). Suppose 264 + y = 4*f. Suppose -f = -10*m + 5*m. What is the tens digit of m?
3
Let z(x) = -2*x**3 - 43*x**2 + 15*x + 81. Let t be (-2)/3*3*644/56. What is the tens digit of z(t)?
2
Let h(k) = k**3 + 22*k**2 - 24*k - 28. Let f be h(-23). What is the tens digit of (-16780)/(-15) - f/15?
1
Let d(w) = w - 6. Let z be d(7). Let x be (-8 + -1)/((-5)/4 + z). What is the tens digit of (162/8)/(x/96)?
5
What is the units digit of (160/(-6))/(-4)*24120/96?
5
Let g = 35955 + 4416. What is the thousands digit of g?
0
Let g = -104 + 104. Suppose 4*u = -g*u + 5*o + 3615, 0 = -2*u + 4*o + 1812. Suppose 3*j = -2*j + u. What is the tens digit of j?
8
What is the ten thousands digit of (-15)/27 + 13025820/621?
2
Let m = 15663 + -3581. What is the ten thousands digit of m?
1
Let u be (55/(-10) + 5)*-1*2. Let x(h) = 9 + 10*h + 2*h + 9 + u. What is the units digit of x(3)?
5
Suppose 0 = 303*x + 482*x - 16220455. What is the tens digit of x?
6
Let d(u) = 59*u - 2488. What is the units digit of d(61)?
1
Let d be 17/(-2) + (-2)/(-4). Let m(q) = -128*q - 33. What is the units digit of m(d)?
1
Let v = 26 - 26. Suppose v = -3*c + a + 10 - 4, 2*a = 0. What is the units digit of c*(3 + 15) + (2 - 3)?
5
Suppose -4*h = -1702 + 38. What is the hundreds digit of (-45)/(-3)*(h/12 + -2)?
4
Suppose 24 = 6*p - 6. Suppose -k + 641 = -5*a, p*a + 5 = -20. What is the units digit of k?
6
Let p(v) = -34*v - 5. Let f = 205 - 211. What is the units digit of p(f)?
9
Let u = -36 + 35. Let p be (u - -2)/(8/(-16))*-11. Suppose 4*i + 2*h = -0*h + 38, 0 = i + 3*h - p. What is the units digit of i?
7
Let d = 9191 + -5349. What is the tens digit of d?
4
Let c(s) = 4*s**2 + 34*s - 5. Let q(g) = g**2. Let w(h) = c(h) + 6*q(h). What is the hundreds digit of w(-10)?
6
Let f = -205 - -210. Suppose -f*z - 1620 = -2*b, 4*b = -b + 3*z + 4050. What is the tens digit of b?
1
Suppose 7*d + p - 6143 = -3*p, -4*p - 873 = -d. What is the hundreds digit of d?
8
Suppose d + 2*h = -d - 56, 26 = -2*d + 4*h. Suppose -33*s + 1715 = -496. Let v = s + d. What is the tens digit of v?
4
What is the thousands digit